t is the highest common divisor of v and 8?
4
Suppose -n + 5*r - 247 = -3*n, 4*n - 5*r = 479. Suppose -29 = -3*v - 4*u, v + 2*u + 13 = 2*v. Calculate the greatest common divisor of v and n.
11
Let r be 192/42 - 4/7. What is the highest common factor of 8 and r?
4
Let p = 4 + 11. Let l be (-5)/p + (-16)/(-3). Let n be (-4 - -2)*1 + 27. Calculate the highest common factor of n and l.
5
Let g be 1/(2 + (0 - 3)). Let c be g + (-1)/((-2)/4). Let l(t) = -t - 6. Let s be l(-8). What is the greatest common divisor of s and c?
1
Let t = 27 - -3. Suppose 4*x - x = 225. Calculate the highest common factor of x and t.
15
Suppose -3*g = -x - 8, 2*x + 5 + 4 = -g. Let t be (6 + x)*(-66)/(-3). Calculate the greatest common factor of 66 and t.
22
Suppose -w = -6*w + 25. What is the highest common factor of w and 15?
5
Suppose 3*a - 7*a = -20. Suppose 5*o + 0 = -a. Let g(z) = -2*z + 1. Let b be g(o). Calculate the highest common factor of b and 12.
3
Suppose -5*m + 2*b = -22, 4*m - b + 0*b - 17 = 0. Calculate the greatest common divisor of 12 and m.
4
Let i be (-25)/1*-1*5. Let b be 21 + (-24)/(-16) + 10/4. What is the highest common factor of i and b?
25
Suppose 0 = -3*i + 796 + 584. Calculate the greatest common factor of 20 and i.
20
Let w be (-5 - (-4 - 0))/(4/(-44)). Calculate the highest common divisor of w and 121.
11
Suppose 11*h - 2 = 20. Calculate the greatest common divisor of 34 and h.
2
Let b be -3 - (-44 - (-2 - 1)). What is the greatest common divisor of b and 57?
19
Let t be 5 + 56 + -4 + -1. What is the highest common divisor of 140 and t?
28
Let p be -2 + 12/(-1 + 4). Suppose -2*s = 5*w - 33, p*s - w + 0*w - 15 = 0. Calculate the greatest common divisor of 1 and s.
1
Let u(g) = -4*g - 6. Let c be u(-7). Suppose -c + 70 = 2*x. What is the highest common divisor of 36 and x?
12
Suppose -9*t + 84 = -2*t. Calculate the greatest common factor of 4 and t.
4
Suppose 2*z + 114 = 18. Let j be 6/(-4)*z/4. Calculate the highest common factor of j and 9.
9
Let i = -12 + 15. What is the highest common factor of 3 and i?
3
Let l(v) = 9*v - 27. Let g be l(5). What is the greatest common factor of 90 and g?
18
Let z be 5/((-11 - -1)/(-2)). What is the highest common factor of 4 and z?
1
Suppose -2*v + 10 = -4*v. Let r(i) = -4*i - 2. Let q be r(v). What is the greatest common divisor of q and 198?
18
Let w = -13 + 14. Let t = 5 + w. Calculate the greatest common divisor of 18 and t.
6
Let y be 40/(-6)*6/(-4). Suppose -4*b = -3*b - 20. Suppose c + 50 = 3*c + 4*r, 4*r = b. What is the highest common divisor of c and y?
5
Let r = 40 - -6. Calculate the highest common factor of r and 23.
23
Suppose -y - 16 = -5*y. Suppose -2*h + 4*h = -2*r + 2, 0 = -2*h + y*r + 26. What is the highest common divisor of h and 25?
5
Suppose 3*g = 19 - 1. Suppose 0 = s + 2*s - 18. Let l be 20/3 - 4/s. What is the highest common divisor of g and l?
6
Let b(x) = x**2 - 9*x. Let s be b(10). Suppose -t - 4*o - s = 0, -5*t + 3*o = -11 - 8. What is the highest common divisor of t and 1?
1
Let a = 4 + -1. Suppose -4*q + 67 = -3*r, 2 + 1 = -a*r. Suppose k - 1 = q. What is the highest common factor of k and 17?
17
Let j = 29 - -15. Suppose -4*r - 3 = 1. Let c be (r - -23)*1/2. Calculate the highest common factor of c and j.
11
Suppose -8*g + 3*g + 140 = 0. Calculate the highest common factor of 7 and g.
7
Let s(r) = 17*r - 17. Let x be s(12). Calculate the greatest common divisor of x and 17.
17
Suppose x + 5 - 2 = 3*f, -14 = -2*x - 4*f. Suppose g + 24 = x*g. What is the greatest common factor of g and 84?
12
Let t(z) be the first derivative of -z**3/3 + 24*z - 1. Let m be t(0). Let u be (0 - (-64)/12)*3. What is the highest common divisor of u and m?
8
Let p be 100/15 - (-2)/(-3). Let f = 10 - 6. Suppose 2*u = f*h + 28, -h + 2 = -u + 12. What is the highest common factor of p and u?
6
Suppose 19*l + 30 = 25*l. Suppose c = d, -5*d + c = 3*c + 7. Let j be (10/4)/(d/(-2)). Calculate the greatest common factor of l and j.
5
Suppose 24 = -p - p. Let y be (-51)/p + 2/(-8). Calculate the greatest common divisor of 4 and y.
4
Let m(f) = 10 + 80*f**3 - f - 10 + f**2. Let g be m(1). Let i = g - -74. What is the highest common factor of 22 and i?
22
Let t be 1*(-2)/(-2)*18. Let s(u) = 4*u**3 - 7*u**2 + 6*u - 6. Let a be s(4). Calculate the greatest common divisor of t and a.
18
Let d = 41 - 25. What is the highest common divisor of 64 and d?
16
Let i = 35 - 3. Calculate the greatest common divisor of i and 16.
16
Let v = 91 - 56. Calculate the highest common divisor of v and 14.
7
Suppose 9 - 1 = 4*s. Let j = 6 + s. Let q be 1 + -2 + -1 + j. Calculate the greatest common factor of 24 and q.
6
Let p be ((-162)/3)/1*-1. Calculate the greatest common divisor of 6 and p.
6
Let y be 2 + 12 + (-4)/1. What is the highest common divisor of 50 and y?
10
Let r be (-1 - -130) + (-3 - (-9 + 5)). What is the highest common factor of r and 52?
26
Suppose -w - 4 + 3 = 0. Let g be (w + -1)/(10/(-275)). Calculate the greatest common divisor of g and 11.
11
Let z(b) = b**2 - 5*b + 2. Let a be z(4). Let x(i) = -9*i**3 - i**2 + 3*i + 2. Let o be x(a). Let f = 10 - 2. Calculate the highest common factor of o and f.
8
Let a = 4 - -5. Calculate the highest common divisor of 45 and a.
9
Let g be -12 + (-5)/((-5)/3). Let d = g - -10. Let w be 2 - (d*-16 - -2). Calculate the highest common factor of 8 and w.
8
Let m(d) = -d**3 - 11*d**2 - 13*d + 6. Let f be m(-10). Calculate the greatest common divisor of 54 and f.
18
Let s(a) = 2*a**2 - 4*a - 6. Let d be s(-4). What is the highest common factor of 28 and d?
14
Let b = 2 + 1. Let f be 9 - (b + (1 - 3)). What is the highest common divisor of 56 and f?
8
Suppose -8 = -2*w + 2*m, 6*w - w - 3*m - 16 = 0. Suppose -w*o + 42 = o. Let j be 117/7 - (-4)/o. Calculate the greatest common divisor of 85 and j.
17
Let p = -21 - -32. What is the greatest common factor of p and 11?
11
Suppose 4*h + 2 = 10. Let k be -5 - -9 - (1 + 1). Let n = k + 6. Calculate the greatest common factor of n and h.
2
Let q be 418/14 + -2 + 16/112. What is the highest common factor of 7 and q?
7
Let h(n) = 130*n**2 - n. Let i be h(-1). Let u be 7/21 - i/(-3). Suppose -2*p = -4*p + 4*z + u, z - 16 = -p. Calculate the greatest common factor of 12 and p.
6
Let l(a) = -5*a + 52. Let c be l(0). Calculate the greatest common factor of c and 39.
13
Suppose -2*u + 31 = 5*o, -5*u - 24 = -3*o + o. Calculate the greatest common factor of o and 49.
7
Let q(v) = -v**3 + 5*v**2 + 4*v - 7. Let l be q(5). Let m = -3 + l. Suppose 3*y = 46 + 29. Calculate the greatest common factor of m and y.
5
Let b(u) = u**3 - u**2 - 3. Let n be b(0). Let y be 71/((-2)/(3 + -1)). Let x be -2 + 0 - (n + y). Calculate the greatest common factor of x and 18.
18
Suppose -1469 = -3*p - 0*p - 2*i, 0 = 2*p + i - 978. Suppose 179 = -4*f + p. What is the greatest common divisor of f and 11?
11
Let z = -3 - 12. Let j = z - -45. Suppose v - 4*v + 18 = 0. What is the highest common divisor of j and v?
6
Let i(j) = j**3 + 6*j**2 - 2*j - 7. Let m be i(-6). Suppose 174 = -2*c + m*c. Let d = -18 + c. Calculate the greatest common divisor of 16 and d.
8
Suppose -5*d + 0*d = -55. Suppose 4*x - 5 - d = 0. Let r(u) = u**2 + 5*u + 1. Let k be r(-5). What is the highest common factor of x and k?
1
Suppose 4*j = -9 + 153. Let z = 174 - 165. What is the highest common factor of j and z?
9
Let n(s) = s**3 - 3*s**2 - 3*s - 3. Let d be (-6)/(15/(-6) + 1). Suppose 0 = -c + d - 0. Let v be n(c). What is the greatest common factor of v and 5?
1
Let m = 1 - 3. Let g be m + (48 - 2)/2. Suppose -s + 2*s = 7. What is the highest common factor of g and s?
7
Suppose -61 = -2*j + 435. What is the highest common factor of 31 and j?
31
Let g(l) = 4*l + 6. Let j be g(7). Suppose -2*z = -a - j, 3*z + 2*z = -a + 71. What is the greatest common divisor of 10 and z?
5
Let g = 230 + -158. What is the highest common factor of g and 9?
9
Let l(w) = -4*w - 4. Let v be l(-3). Calculate the highest common factor of v and 32.
8
Let r = 9 - 7. Suppose 3*l = 4*g - r, -2*g + 0*g + 14 = 5*l. Let i be (-46 - 3)/(1 - g). Calculate the highest common divisor of 7 and i.
7
Let y(q) = -q**2 + 9*q - 13. Let x be y(5). Calculate the highest common divisor of 63 and x.
7
Let k = 77 - 48. Calculate the